base 7) in base 11?
-2556
Convert -10870 (base 9) to base 16.
-1c68
Convert a28 (base 11) to base 7.
3421
What is 2021 (base 5) in base 10?
261
What is 972 (base 16) in base 9?
3276
220022020 (base 3) to base 5
1031333
What is 2b98 (base 14) in base 9?
11602
-534 (base 16) to base 8
-2464
424 (base 15) to base 8
1646
What is 766 (base 8) in base 7?
1315
What is -217 (base 8) in base 4?
-2033
Convert 405 (base 9) to base 15.
16e
What is 1041403 (base 5) in base 16?
47b1
Convert -1000211 (base 3) to base 11.
-623
What is -2795 (base 10) in base 9?
-3745
Convert -22b (base 16) to base 15.
-270
What is -272a (base 16) in base 14?
-3922
Convert -942 (base 11) to base 10.
-1135
54b (base 12) to base 3
1001212
cc (base 16) to base 2
11001100
What is -3340 (base 6) in base 4?
-30030
-234c (base 14) to base 4
-1200000
What is 381 (base 13) in base 9?
750
-1011100110001 (base 2) to base 10
-5937
What is 20302021 (base 4) in base 8?
106211
Convert 76724 (base 10) to base 6.
1351112
Convert 576a (base 15) to base 9.
27401
15700 (base 10) to base 2
11110101010100
-120112 (base 3) to base 14
-21d
101202 (base 4) to base 10
1122
What is -333 (base 12) in base 6?
-2103
What is -496 (base 11) in base 5?
-4324
Convert -2285 (base 15) to base 10.
-7325
What is -1158 (base 10) in base 9?
-1526
Convert -43b (base 13) to base 4.
-23112
Convert -12122120 (base 3) to base 8.
-10027
3120012 (base 4) to base 3
200222020
Convert -1552 (base 7) to base 13.
-391
What is 3c08 (base 13) in base 3?
102211112
Convert -220202 (base 3) to base 5.
-10133
What is -2110120 (base 3) in base 14?
-925
What is 412 (base 10) in base 3?
120021
3988 (base 10) to base 9
5421
What is -1121120 (base 3) in base 10?
-1176
What is -4a08 (base 13) in base 5?
-313421
-4ba (base 14) to base 15
-433
-4229 (base 13) to base 11
-6979
What is -523 (base 15) in base 3?
-1120220
-14d (base 14) to base 8
-411
What is -1221100020 (base 3) in base 16?
-950d
Convert 24231 (base 7) to base 16.
1896
What is -1203 (base 9) in base 8?
-1576
13301 (base 4) to base 8
761
Convert -2621 (base 12) to base 9.
-5857
12012 (base 4) to base 13
240
Convert -a510 (base 11) to base 2.
-11011001100110
Convert 48c (base 16) to base 3.
1121010
Convert 8082 (base 10) to base 8.
17622
Convert 2023 (base 12) to base 7.
13104
Convert -525 (base 6) to base 14.
-101
What is 2020434 (base 5) in base 10?
32619
What is 1220 (base 12) in base 6?
13240
What is -388 (base 11) in base 8?
-713
What is -11023303 (base 4) in base 10?
-21235
33143 (base 5) to base 4
203322
Convert 1510 (base 6) to base 7.
1113
-174 (base 13) to base 8
-410
Convert -4b5 (base 12) to base 14.
-38d
2a0 (base 11) to base 2
101100000
Convert 11070 (base 10) to base 12.
64a6
Convert -3323 (base 6) to base 3.
-1001120
What is 11102 (base 3) in base 16?
77
75 (base 12) to base 4
1121
-77c (base 15) to base 5
-23232
Convert 13310 (base 4) to base 11.
415
Convert -ca (base 14) to base 7.
-343
Convert 210121 (base 4) to base 3.
10012021
What is -871 (base 11) in base 3?
-1102202
bbc (base 13) to base 4
133132
Convert 2648 (base 13) to base 3.
21111112
Convert 6a0 (base 12) to base 3.
1100110
What is -4ab (base 13) in base 10?
-817
Convert 244 (base 13) to base 16.
18a
11424 (base 7) to base 16
b8e
a56 (base 14) to base 4
133310
Convert 1925 (base 12) to base 7.
11621
Convert 4311 (base 5) to base 4.
21011
What is -4504 (base 15) in base 2?
-11100100100101
-44103 (base 5) to base 6
-22004
Convert -30653 (base 7) to base 16.
-1d6f
Convert -11111110010011 (base 2) to base 15.
-4c50
-1585 (base 11) to base 4
-133231
What is -100756 (base 8) in base 10?
-33262
What is -167 (base 14) in base 16?
-11f
-10211 (base 5) to base 2
-1010101001
Convert 3f20 (base 16) to base 6.
202452
What is 11101111 (base 2) in base 3?
22212
What is -129 (base 15) in base 7?
-525
What is 4432 (base 14) in base 6?
130352
What is 258b (base 12) in base 8?
10273
What is 1232131 (base 4) in base 16?
1b9d
What is -32b5 (base 16) in base 11?
-9831
3431 (base 5) to base 13
2ba
Convert 5312 (base 7) to base 10.
1871
What is 613 (base 7) in base 11?
257
What is -109 (base 12) in base 11?
-12a
Convert 2346 (base 9) to base 3.
2101120
What is -218 (base 16) in base 7?
-1364
What is 3334204 (base 5) in base 7?
333035
What is -101101110101011 (base 2) in base 3?
-1012012011
What is -3781 (base 9) in base 6?
-21031
-120112000 (base 3) to base 13
-51c3
What is -958 (base 12) in base 5?
-20424
6421 (base 7) to base 13
1057
What is 12202121 (base 3) in base 13?
1bb2
Convert -3004 (base 7) to base 12.
-721
What is -1100011111011 (base 2) in base 9?
-8685
What is 1110111001 (base 3) in base 2?
111000001101111
What is 530 (base 10) in base 14?
29c
Convert -554 (base 10) to base 6.
-2322
What is -9e9d (base 15) in base 13?
-12433
What is -3855 (base 9) in base 13?
-140c
What is -33112 (base 5) in base 16?
-8ea
389 (base 11) to base 3
122001
-298 (base 15) to base 9
-728
-a565 (base 15) to base 5
-2104340
-150113 (base 6) to base 13
-6681
2a2d (base 14) to base 6
54401
300 (base 5) to base 15
50
What is -54615 (base 9) in base 3?
-1211200112
What is 1721 (base 8) in base 7?
2564
Convert -45511 (base 10) to base 2.
-1011000111000111
What is 7c2 (base 14) in base 10?
1542
Convert -2363 (base 7) to base 11.
-729
Convert -115872 (base 9) to base 14.
-1b6da
210020221 (base 3) to base 8
36210
10231 (base 4) to base 10
301
What is -2300 (base 4) in base 12?
-128
Convert 3586 (base 9) to base 2.
101001101110
What is -724 (base 8) in base 4?
-13110
Convert -1313023 (base 4) to base 3.
-101110111
1643 (base 7) to base 6
3032
What is -866 (base 12) in base 2?
-10011001110
Convert 101113 (base 4) to base 6.
5051
What is -22f4 (base 16) in base 8?
-21364
-1111001101 (base 2) to base 12
-691
Convert -1822 (base 12) to base 5.
-43111
What is 12230 (base 4) in base 10?
428
What is 32889 (base 10) in base 8?
100171
-2122 (base 5) to base 15
-142
Convert -12123 (base 4) to base 7.
-1125
-253 (base 15) to base 2
-1000010000
-5864 (base 9) to base 2
-1000011111111
What is -90b (base 13) in base 11?
-1173
Convert 2111000021 (base 3) to base 15.
e71a
Convert 22655 (base 10) to base 4.
11201333
-111011011000 (base 2) to base 13
-1964
Convert 437 (base 16) to base 14.
571
-a05 (base 16) to base 15
-b60
What is 101320 (base 4) in base 9?
1511
What is 2d80 (base 14) in base 11?
6138
Convert 114131 (base 5) to base 14.
17c7
Convert 9913 (base 11) to base 9.
18845
-116 (base 9) to base 15
-66
What is -1111 (base 4) in base 7?
-151
Convert -6222 (base 8) to base 12.
-1a42
-8402 (base 10) to base 5
-232102
Convert -856c (base 13) to base 3.
-221101121
Convert 862 (base 16) to base 7.
6154
-3067 (base 12) to base 4
-1102033
What is -1234a (base 12) in base 10?
-24682
1002110011 (base 3) to base 5
1141334
Convert -14ac (base 13) to base 5.
-44030
-636 (base 8) to base 10
-414
What is -55 (base 11) in base 14?
-44
2021 (base 6) to base 15
1ea
111121202 (base 3) to base 7
40643
What is -2b17 (base 14) in base 9?
-11456
-21121 (base 4) to base 7
-1516
What is 205110 (base 6) in base 15?
4e19
What is -2123 (base 8) in base 4?
-101103
1177 (base 8) to base 12
453
-1631 (base 9) to base 16
-4db
Convert 3021121 (base 4) to base 13.
5b36
Convert 2776 (base 8) to base 5.
22114
361 (base 10) to base 8
551
What is -1100101000 (base 2) in base 13?
-4a2
35702 (base 8) to base 4
3233002
48a (base 12) to base 10
682
What is 25255 (base 12) in base 6?
1025345
-161e (base 16) to base 13
-2767
-41a (base 13) to base 11
-586
-7510 (base 8) to base 6
-30040
31 (base 14) to base 7
61
What is -13320 (base 4) in base 10?
-504
-4347 (base 14) to base 8
-26553
Convert -13113001 (base 4) to base 8.
-72701
Convert -1015315 (base 6) to base 10.
-49151
Convert 7628 (base 15) to base 13.
b501
What is 14155 (base 7) in base 6?
25514
2110 (base 6) to base 15
219
Convert -1000011000000 (base 2) to base 3.
-12212211
Convert -1120 (base 5) to base 3.
-12221
What is -1d2 (base 15) in base 8?
-646
What is -7b27 (base 14) in base 13?
-9981
What is 83 (base 13) in base 2?
1101011
What is -6717 (base 10) in base 14?
-263b
What is -311015 (base 7) in base 3?
-2200221112
1887 (base 16) to base 4
1202013
Convert -101001100100001 (base 2) to base 11.
-14a97
What is -410242 (base 5) in ba